 - -3).
5
Let b(w) be the first derivative of 9*w**2/2 - 2*w - 3. Suppose q = 3*r + 15, 9*q - 2*r - 88 = 4*q. Calculate the remainder when b(4) is divided by q.
16
Let y = 148 - 138. What is the remainder when 22 is divided by y?
2
Suppose 0 = 6*a - a - 20. Calculate the remainder when 18 is divided by a.
2
Suppose -4 = 10*t - 264. What is the remainder when t is divided by 7?
5
Let w = -7 - 1. What is the remainder when 270/8 - 2/w is divided by 12?
10
Suppose -2*b + 714 = 5*f + 162, -2*f + b = -228. Calculate the remainder when f is divided by 31.
19
Suppose 0 = -4*m + 4*o + 24, -m + 15 = m - 5*o. Suppose -m*f = 2*d - 17, -3*f - 2*d - d = -3. Calculate the remainder when 13 is divided by f.
3
Let v(o) = -o**3 - 2*o**2 - 2. Suppose -3*a - 95 = -2*g - 2*g, -g + 10 = 2*a. Calculate the remainder when g is divided by v(-3).
6
Suppose -b = v - 59 + 2, 5*b + 245 = 5*v. Calculate the remainder when v is divided by 14.
11
Suppose 0 = 4*n + i - 0*i - 95, -3*i = 2*n - 55. Calculate the remainder when 4/6 - 127/(-3) is divided by n.
20
Let s = -2 + 2. Suppose s = 5*g + 1 - 6. Let c = g - 0. Calculate the remainder when 1 is divided by c.
0
Let l = -20 - -25. Calculate the remainder when l is divided by 4.
1
Let s be 2/9 + (-16)/(-9). Suppose 63 = -s*a - 3*y, 3*y = a + 2*a + 57. What is the remainder when 34 is divided by ((-3)/(-2))/((-3)/a)?
10
Suppose -3*g + 204 = 9*g. What is the remainder when 184 is divided by g?
14
What is the remainder when 2/3*819/42 is divided by 2?
1
What is the remainder when 60 is divided by (-1390)/(-40) - (-3)/(-4)?
26
Suppose -27 + 42 = 3*k. Suppose 3*i = -5*y + 95, k*y - 3*i = i + 95. What is the remainder when y is divided by 7?
5
Suppose -5*u + u = -16. Suppose -u = -g + 12. Suppose 7*p - g = 3*p. Calculate the remainder when 10 is divided by p.
2
Calculate the remainder when 1/((-1)/5*-1) is divided by 3.
2
What is the remainder when (60/(-9))/(2/(-15)) is divided by (-75)/(-6) + (-2)/(-4)?
11
Suppose 1957 = 19*l - 266. What is the remainder when l is divided by 40?
37
Let n = -1 - -12. What is the remainder when n is divided by 4?
3
Suppose 5*x = 10, -h = -0*h - 4*x + 1. Let b(k) = -k + 11. Let f be b(h). Suppose f*r + 19 = 55. What is the remainder when r is divided by 5?
4
Suppose -3*b = -4*b + 27. What is the remainder when 104 is divided by b?
23
Let t(b) = b**3 - 9*b**2 + 7*b + 8. Let r be t(8). Suppose -5*n + r*d = -5*d - 280, 168 = 3*n + 5*d. Calculate the remainder when n is divided by 19.
18
Let v(w) be the third derivative of w**4/24 - 2*w**3/3 + 7*w**2. What is the remainder when 10 is divided by v(10)?
4
Let o(k) = 3*k + 2. Suppose -5*j = 20*j - 550. Calculate the remainder when j is divided by o(2).
6
Suppose -3*q + q + 520 = 0. Suppose q + 73 = 3*i. What is the remainder when (-2)/5 - i/(-15) is divided by 3?
1
Let k(w) = 2*w**2 + 4*w + 3. Let d be ((-6)/2)/((-3)/(-2)). Suppose -21 = -3*b + 3. Calculate the remainder when b is divided by k(d).
2
Suppose -2*u + 4*b - 4 = 8, 4*u = -b + 21. What is the remainder when u is divided by 3?
1
Suppose 5*p - 4*q - 76 = 0, 2*q - 7*q + 4 = 2*p. Suppose -2*c = -c - p. What is the remainder when 21 is divided by c?
9
Let b = -11 + 11. Suppose 0 = 3*z - 3*p - 132, b = -2*p + 4*p + 10. What is the remainder when z is divided by 10?
9
Suppose -22 = -9*q + 14. Calculate the remainder when 27 is divided by q.
3
Let a = -5 + 6. Suppose 0 = -o + 3*w + 20 - a, 159 = 5*o + w. What is the remainder when o is divided by 11?
9
Suppose 4*z = -0*z. Suppose 2*o + z = 22. Calculate the remainder when o is divided by 6.
5
Let o be 1/2*1*-10. Let y(b) = -6*b**2 - 9*b + 10. Let g(w) = -5*w**2 - 8*w + 9. Let f(q) = o*g(q) + 4*y(q). What is the remainder when 27 is divided by f(-6)?
6
Let y(c) = -c**2 - 6*c + 3. Let u be y(-3). Let g = u - 4. Suppose 0 = -3*h - 3*j + 78, 4*h = -3*j - 2*j + 108. Calculate the remainder when h is divided by g.
6
Suppose -2*r - 10 = -7*r. Suppose 7 + 11 = r*g. Let m(f) = f + 8. What is the remainder when 50 is divided by m(g)?
16
Let z(g) = g + 6. Let l(y) = -3*y - 18. Let v(m) = -2*l(m) - 7*z(m). Let k be v(-5). Calculate the remainder when (k/(-1))/(5/155) is divided by 11.
9
Let n = 2 - -5. Suppose n + 25 = 2*o. Calculate the remainder when 1*o - 0 - -1 is divided by 6.
5
Let s = 50 + -29. Let m = -13 + s. Calculate the remainder when 22 + 3/9*3 is divided by m.
7
Let j(d) = 4*d + 1. Let x be j(-2). Let m(l) = l + 11. Calculate the remainder when 14 is divided by m(x).
2
Suppose 2*g + 53 = 3*g. Suppose -25*w + 162 = -16*w. What is the remainder when g is divided by w?
17
Let h(v) = 7*v - 4. What is the remainder when 8 is divided by h(1)?
2
Let k(o) be the third derivative of 4*o**5/15 + o**4/24 - o**3/6 - 6*o**2. What is the remainder when 41 is divided by k(-1)?
13
Let k(d) = d**2 + d - 4. What is the remainder when k(7) is divided by 11?
8
Suppose 0*n - 434 = -4*t + 2*n, -4*n - 220 = -2*t. What is the remainder when t is divided by 55?
53
Let a be (-40)/(-6) - 4/6. Let l(c) = c**3 - 7*c**2 + 7*c + 6. Calculate the remainder when 22 + -2 + 1 - -1 is divided by l(a).
10
Suppose 2 = f + 4*o, -4*o + 0 = 3*f - 6. Calculate the remainder when 42 + f + 1 + 0 is divided by 23.
22
Calculate the remainder when 81 is divided by 40/10*(-42)/(-8).
18
Let u be 7/5 + (-12)/(-20). Suppose -4*h = u*b - 28, 0 = 3*b - 6*b + 6. Let q = h - 3. Calculate the remainder when 8 is divided by q.
2
Suppose -f - 28 = 4*f - k, 4*f = 4*k - 16. Calculate the remainder when 7 is divided by (-16)/f + 2/(-3).
1
Suppose -7*z + 444 = -25. What is the remainder when 466 is divided by z?
64
Let q = 2 + 27. Suppose 3*z - 4 = q. Let g = z - 7. What is the remainder when 10 is divided by g?
2
Suppose 9*p - 185 = 4*p. What is the remainder when p is divided by (-12)/((-2)/(4/3))?
5
Calculate the remainder when ((-85)/2 - 2)/((-5)/10) is divided by 23.
20
Suppose 5*k + 43 = 5*c - 57, -32 = -2*c - 2*k. Calculate the remainder when 71 is divided by c.
17
Suppose 2*i - 3 - 5 = 0. Calculate the remainder when (-2 + 14/4)*10 is divided by ((-16)/(-1))/i - -2.
3
Calculate the remainder when 0 - (-96 + -1) - (62 - 62) is divided by 25.
22
Let w(l) = l - 2. Let n be w(7). Suppose 0 = -n*z - f + 156, -3*z + 6*z - 2*f - 91 = 0. Suppose -u - 4*u = -80. What is the remainder when z is divided by u?
15
Suppose 0*a - 35 = -5*a. Let l = 9 + a. Suppose 5*u = d + 29 - 3, u + 2*d - 14 = 0. What is the remainder when l is divided by u?
4
Let j(g) = -11*g + 7. What is the remainder when j(-5) is divided by 17?
11
Let r = -37 - -24. Calculate the remainder when -2*r*3/6 is divided by 7.
6
What is the remainder when (-6)/(-9) + (-507)/(-9) + 1 is divided by 15?
13
Let o = -44 + 58. Let i(d) = 2*d**2 - d - 4. Let h be i(-3). Let t = h - 9. What is the remainder when o is divided by t?
6
Let v = 1 - -3. Suppose v*o - o = 36. Let d(b) = b**3 - 3*b**2 + 6*b - 6. What is the remainder when d(4) is divided by o?
10
Let u = 2 + -2. Let t be (-1)/(-3)*(-3 - u). Let n = 1 - t. Calculate the remainder when n is divided by 2.
0
Let j be (-6)/(-4)*(-16)/(-12). Suppose -7 = 4*c - 19, j*h - 2*c - 52 = 0. What is the remainder when h is divided by (-1)/(-1*1/10)?
9
Let h(g) = -23*g - 11. What is the remainder when h(-4) is divided by 28?
25
Suppose -147 = -3*a + 42. What is the remainder when a is divided by 11?
8
Suppose 4*t - 2*m - 15 = 3*t, 0 = -5*t - 4*m + 5. Suppose 170 = 10*a - t*a. Let f = -21 + a. Calculate the remainder when 37 is divided by f.
11
Let w(p) = p**3 - 8*p**2 - 7*p - 9. Let f be w(9). Let k(i) = 5*i + 2*i**3 - 9*i**2 - i**3 + 0*i**3 - 2. Calculate the remainder when k(f) is divided by 15.
13
Let c = 105 - 91. What is the remainder when (11/(-3) - 0)*-15 is divided by c?
13
Let i(n) = n**2 + n + 3. Let l = -27 + 56. What is the remainder when l is divided by i(-4)?
14
Let v be ((-9)/15)/(44/(-20) - -2). Let d = -12 - -63. Suppose -v*c + 0*c = 2*n - d, -5*n + 3*c = -96. What is the remainder when n is divided by 11?
10
Suppose -4*m + 16 = -2*m. Let b = m - -2. Calculate the remainder when 29 is divided by b.
9
Let m = 1 - 4. Let c(h) = -9*h - 4. What is the remainder when c(m) is divided by 7/(21/18) - -2?
7
What is the remainder when 46 is divided by (-1 - 0)/((-3)/75)?
21
Let f = -49 - -82. What is the